 7
Suppose 3681798 = 117*u + 137*u - 971228. List the prime factors of u.
7, 2617
Let g = 11782 - -2456. List the prime factors of g.
2, 3, 7, 113
Suppose 4*j + j - 175 = 0. Let l = j + -33. Suppose l*o - 268 = -2*o. What are the prime factors of o?
67
Suppose -14*l + 3*l + 59617 = -76486. What are the prime factors of l?
12373
Let k(x) = -92*x + 48*x - 3 + 8 - 83*x. List the prime factors of k(-3).
2, 193
Let w(s) = 20*s**2 + 64*s - 1197. What are the prime factors of w(16)?
3, 17, 97
Let t(q) = -q**2 - 11*q - 15. Let v be t(-10). Let i be 6 + v - (-2 - 0). Suppose 6*w - 2*r = 3*w + 242, -i*r = 12. List the prime factors of w.
2, 3, 13
Let y = 9251 + -4854. List the prime factors of y.
4397
Suppose z - 81 = -5*k, 7*z = 2*z + k + 275. Suppose 0 = -50*d + z*d - 3906. List the prime factors of d.
3, 7, 31
Let i = 6215 + -2220. What are the prime factors of i?
5, 17, 47
Let q(w) be the third derivative of w**5/60 - 17*w**4/12 + 5*w**3/6 + 173*w**2. What are the prime factors of q(-16)?
5, 7, 23
List the prime factors of (158 + -88)*4114/7.
2, 5, 11, 17
Suppose c - b - 63643 = 0, 8*c + b - 127310 = 6*c. What are the prime factors of c?
3, 7, 433
Suppose -13*z = -47*z + 581326 + 341536. List the prime factors of z.
27143
Let y be -4 + 2 + 5 + -13. Let t be (-2 - y) + 9/(-3). Let s = t - -69. List the prime factors of s.
2, 37
Let t(m) = -7*m**2 - 2*m + 3. Let a(b) = -231*b - 2 + 2 - b**2 + 230*b. Let o(z) = 6*a(z) - t(z). What are the prime factors of o(7)?
2, 3
Let x(p) be the third derivative of 4*p**2 - 1/12*p**4 - 1/30*p**5 + 71/6*p**3 + 0*p + 0. List the prime factors of x(0).
71
Let a(o) = -3104*o + 158. Let m be a(-3). Suppose -47*n = -57*n + m. List the prime factors of n.
947
Let k(i) = 1630*i**3 + i**2 + 121*i - 372. What are the prime factors of k(3)?
2, 3, 5, 163
Suppose -37*o + 80*o = 556119. What are the prime factors of o?
3, 479
Suppose -97 = -20*o - 37. Let s(j) = 10*j**2 + 6*j - 7. What are the prime factors of s(o)?
101
Let b = 39 - 33. Let q be (b*(-2)/(-4))/1. Suppose q*j - 449 = 2*o - 7*o, 3*j - 176 = -2*o. List the prime factors of o.
7, 13
Suppose -112 + 54 = -2*o. Suppose -6100 = -o*n + 8168. What are the prime factors of n?
2, 3, 41
Let j = 1436 - -362. Let v = -939 + j. What are the prime factors of v?
859
Let z be (4 - -26)*5*30/(-125). What are the prime factors of (1024/(-24))/(1/z)?
2, 3
Let u(h) = h**3 - 15*h**2 + 9*h + 8. Let t be u(16). Suppose -88*n + 85*n + t = 0. List the prime factors of n.
2, 17
Let f(n) = -23*n**3 - n**2 + 27*n + 220. What are the prime factors of f(-8)?
2, 29, 101
Let f be (765/12 - -1) + 3/12. Let q = f - -213. What are the prime factors of q?
2, 139
Suppose 2*i - i = 2*m - 1, 5*m = 5*i + 5. Suppose -3*l + 6*l - 12 = m. Suppose -f = r - l*f - 171, 4*r - f = 695. List the prime factors of r.
2, 3, 29
Suppose -241259 = -4*h - d, 45*h - 2*d + 241254 = 49*h. List the prime factors of h.
2, 17, 887
List the prime factors of (-1796376)/812*((-2)/4 + 13/(-2)).
2, 3, 29, 89
Let g(q) = -22*q**2 + 20*q + 41. Let x be g(-2). Suppose 0 = 3*r + r - 40. Let c = r - x. List the prime factors of c.
97
Let z be (3 - 0/1)*4. Let c(s) be the first derivative of s**3/3 - 3*s**2 + 25*s - 206. What are the prime factors of c(z)?
97
Suppose -5*c - m = -474, 5 = -m + 4. Let r = 62 + c. List the prime factors of r.
157
Let y = 412 - -1171. List the prime factors of y.
1583
Suppose -33*p + 44*p = -1243. Let x = 250 + p. What are the prime factors of x?
137
Let h = 54448 + -35643. What are the prime factors of h?
5, 3761
Let k(l) = -l**3 + l**2 + l. Let n be k(1). Let c(j) = 267*j**2 - 1. List the prime factors of c(n).
2, 7, 19
Let h(i) = 13*i - 13. Let n(d) = -d**2 - d. Let v(k) = -h(k) - n(k). Let o be v(11). What are the prime factors of o/3 + 1535/15?
103
Let q = -35 - -23. Let w(g) = -g**2 - 7*g - 11. Let s be w(q). Let a = s - -137. List the prime factors of a.
2, 3, 11
Let m = 42516 + -28619. What are the prime factors of m?
13, 1069
Suppose 5*p + u - 91826 = -28096, -u = 4*p - 50985. List the prime factors of p.
5, 2549
Let x(y) = -7*y**3 + 3*y - 2. Let a be x(1). Let h be 84/35*(-285)/a. What are the prime factors of (-1 - h/10)/(30/(-75))?
31
Let n = -155 - -148. Let r be -227 - (n/1 + 3). Let k = -131 - r. What are the prime factors of k?
2, 23
Suppose -3*o + 6631 = h, 5*h - 19 = 1. List the prime factors of o.
47
Suppose 11*o - 4*g - 11820 = 10*o, 4*g + 35492 = 3*o. What are the prime factors of o?
2, 11, 269
Let s be 45/9 - 209*(-3 - -2). Suppose -3*z - u = -z - s, -4*u - 428 = -4*z. What are the prime factors of z?
107
Suppose -111*q + 157097 = -147487. What are the prime factors of q?
2, 7
Let a = -7252 + 10571. List the prime factors of a.
3319
Let h(s) = -7*s**3 + 341*s**2 + 172*s - 93. List the prime factors of h(49).
3533
Let q = -2672 - -2946. List the prime factors of q.
2, 137
Suppose -80*k = 29*k - 90034. List the prime factors of k.
2, 7, 59
Let f(s) be the third derivative of 11*s**5/12 - s**3/3 - 7*s**2. Let v be f(-1). Suppose 2 = -3*i + v. List the prime factors of i.
17
Suppose -8*r + 1553 = 3*z - 3*r, r + 2607 = 5*z. Let d = z - 290. What are the prime factors of d?
3, 7, 11
Let j = -3536 + 7333. What are the prime factors of j?
3797
Suppose -4*p + 8 = 5*z - 8, 5*p - 20 = -5*z. Suppose n - p*j + 7*j = 634, -4*j + 3203 = 5*n. List the prime factors of n.
643
Let b = 151 + -159. Let t(x) = x**3 - 5*x**2 - 7*x + 2. Let k be t(5). Let l = b - k. What are the prime factors of l?
5
Suppose -4*k = -m - 13615 - 19276, 0 = 2*k - 3*m - 16433. What are the prime factors of k?
2, 257
Let l(u) be the third derivative of u**5/2 + u**4/12 - 7*u**3/2 + 92*u**2 + 2. What are the prime factors of l(8)?
5, 383
Let d(b) be the second derivative of b**5/20 + 9*b**4/4 + 7*b**3/6 - 42*b**2 + 5*b + 5. What are the prime factors of d(-25)?
991
Let y = 0 + 3. Suppose -y*s + 0*s - 126 = 0. What are the prime factors of (2 - 1)/((-1)/s)?
2, 3, 7
Suppose 71*d - 226072 = -83*d. What are the prime factors of d?
2, 367
Let z(p) = -69*p**2 + 24*p. Let n be z(10). What are the prime factors of n/(-35) - (-4)/(-14)?
2, 5, 19
Let p be (-94)/(-5 - -3)*8. Suppose 5*t - p = -4*u, -3*u - 3*t + 279 = -0*t. List the prime factors of u.
89
Suppose -61 = -4*j + 207. Let c = 11 + 13. Suppose -n + j = c. List the prime factors of n.
43
Suppose 4*z + 47 - 347 = -4*v, -4*z - 5*v = -298. What are the prime factors of 66/z + 33940/56*2?
1213
Let l be 2*(-6)/(-12) + 11. Suppose 0 = -a + 2*h + 564, -2833 = -5*a + 9*h - l*h. What are the prime factors of a?
2, 283
Suppose 0*k = -k - i - 1, 5*i + 21 = 3*k. Suppose -2*w - v = -3*v - 1298, -4*w + 2566 = k*v. What are the prime factors of w?
2, 7, 23
Suppose 10*z - 5*z = -200. Let w = -10 + z. Let k = w + 106. What are the prime factors of k?
2, 7
Suppose -108*s + 103*s + 3*x = -224427, 134637 = 3*s + 3*x. What are the prime factors of s?
3, 4987
Suppose 0*y = -4*y + 60. Let w = 19 - y. Suppose 5*h = w*p - 742, 0*h = 3*h - 6. What are the prime factors of p?
2, 47
Suppose -4*v + 8 = -4*p, -v - 4*p + 6 = 29. Let l be (-5)/15 - (-509)/v. Let g = l + 252. What are the prime factors of g?
2, 41
Suppose x + 308 = -170. Let w = 4 - x. Suppose 0 = 5*k - w - 228. List the prime factors of k.
2, 71
Suppose 2*d + 3*d = 1175. Suppose 23 + d = -2*z. Let c = z - -208. List the prime factors of c.
79
List the prime factors of ((-112)/7 - 112429)/(-5).
43, 523
Suppose -3*q + 27 = 5*l, -l + 10*q - 5*q = 17. Suppose 0 = l*i - 35*i + 3136. List the prime factors of i.
2, 7
Let i = -84525 + 134666. What are the prime factors of i?
7, 13, 19, 29
Let i(o) = 55*o + 1388. List the prime factors of i(-10).
2, 419
Let p(f) = -2*f + 33. Let a(k) = k - 14. Let b be a(2). Let v be p(b). Suppose -y - 152 = -5*m + y, v = 2*m + 3*y. List the prime factors of m.
2, 3, 5
Let v = 112 + -108. Suppose -v*q + 2162 = 3*t, 0*t - 3*q + 2885 = 4*t. Suppose t = 5*o - 13. What are the prime factors of o?
3, 7
Let c be 1 - (-96)/14 - (-10)/70. Suppose 0*x + c*x = 24. Suppose -2*l = x*q - 35, 5*q + 6 = 2*l - 5. What are the prime factors of l?
13
Suppose -6*z + 1 = -23. Suppose -5*u = 3*l - 15, 2*l + 2*u - z = 2. Suppose l = -d, 5*m - 3*d - 288 = m. What are the prime factors of m?
2, 3
Suppose 84*v - 2845500 = -133*v - 597814. Lis